digit of d?
2
Let v be (-4 - -4) + (-7)/((-21)/23232). Suppose -25*k + 9*k = -v. Suppose 4*w - k = 4*n, -3*n = -4*w - 4*n + 489. What is the tens digit of w?
2
What is the hundreds digit of (22/(-14) - -1) + 34673084/5068?
8
Let f be (-17)/(-68) - 1030/(-8). Let x = 35 + f. What is the tens digit of x?
6
Let b(l) = l**3 - 8*l**2 + 17*l - 3. Let y(i) = -20*i - 20. Let t be y(7). Let q be t/(-28) - 6/(-21). What is the tens digit of b(q)?
2
Suppose 117*k - 145459 = 99*k + 106235. What is the hundreds digit of k?
9
Suppose 158*d - 159*d = -3*a - 30498, 4*d - 121927 = -a. What is the tens digit of d?
8
Let y(z) = -8*z**3 + z**2 - 20*z - 6. Let k be y(-6). Suppose -5*w + k = w. What is the tens digit of w?
1
What is the units digit of (-20)/(-3)*((12625 - 12) + 0 + -10)?
0
What is the tens digit of ((24/(-6))/8)/(2*(-2)/85168)?
4
Suppose 84*f - 25*f - 2348715 + 233329 = 0. What is the ten thousands digit of f?
3
Suppose 2*g = -o + 357 + 24264, 5*g - 20 = 0. What is the ten thousands digit of o?
2
Let m(i) = -i + 6. Let v = -41 - -50. Let t be m(v). Let u = 35 - t. What is the units digit of u?
8
Let w(z) = -5*z**2 - z + 3. Let x(m) = m**3 + 5*m**2 + 2*m - 3. Let f(q) = 3*w(q) + 2*x(q). Let a be f(2). Suppose -5*b + 546 = a. What is the units digit of b?
9
Let f = -2745 + 2747. Let x = 21 + -13. Suppose s + s - x = 0, f*c = -2*s + 78. What is the tens digit of c?
3
Let h(q) = 15*q**2 + 16*q - 2. Let d be h(12). Suppose -149*j + 154*j = d. What is the units digit of j?
0
Let x = -243 + 1318. Suppose 2*h + x = 7*h. What is the tens digit of -1*(-3)/12 + h/4?
5
Let g be 2/(((-4)/(-34))/(-1)). Suppose 2*y = 4*m - 462, 4*m - 9*y + 14*y = 455. Let x = g + m. What is the units digit of x?
8
Suppose 0 = -4*f - 4*z + 4 + 4, 5*z + 10 = -f. Suppose y - 328 = -u - 3*y, f*u + 5*y = 1670. What is the units digit of u?
6
Suppose -6*j - 29 + 89 = 0. Let a(o) = -o**2 + 12*o - 17. Let b be a(j). Suppose -149 = -b*f + 196. What is the hundreds digit of f?
1
Suppose -2*o + 27860 = -2*g, 3*g + 55721 = 99*o - 95*o. What is the ten thousands digit of o?
1
Let t = 143 - 133. Suppose t*v - 296 = 484. What is the tens digit of v?
7
Let b be 27*(271 + (3 - 6)). What is the hundreds digit of (-8)/52 + b/52?
1
Let d = -37548 - -82220. What is the ten thousands digit of d?
4
Let j = 64 - 64. Suppose j = -10*m - 689 - 271. Let t = 225 + m. What is the units digit of t?
9
Suppose x - 1539 = 5*j, -143*x + 142*x + 3*j + 1545 = 0. What is the units digit of x?
4
Let g be 68 + (-2 - 2)*(-9)/12. Let s = g - 77. Let k(u) = 7*u**2 - 7*u + 4. What is the hundreds digit of k(s)?
2
Suppose v - g + 4985 = 16108, 0 = 2*v + 4*g - 22222. What is the units digit of v?
9
Suppose 2 = 3*m - 4*h + 3, 0 = 4*h + 8. Let y be m + (2 + 3 - 1/(-1)). Suppose -y*s - 252 + 702 = 0. What is the tens digit of s?
5
Let b(x) be the first derivative of 2*x**3/3 - 7*x**2 - 21*x - 1. What is the tens digit of b(-12)?
3
Let b(n) = n**3 - 5*n**2 + 13*n - 15. Let h be b(4). Suppose h*u = 26*u - 3405. What is the hundreds digit of u?
6
Suppose -3*s - 3*t + 3028 + 1445 = 0, -s + 3*t + 1479 = 0. What is the units digit of s?
8
Let k be 4 + (0 - 2 - (-2 - 1)). Suppose k*b + 6 = 1. What is the units digit of b/8*-2 - (-107)/4?
7
Let k = -20248 + 35373. What is the ten thousands digit of k?
1
Suppose -120*z - 10928 = -121*z. What is the ten thousands digit of z?
1
Suppose 0 = -2*r - 3*r - 4*z + 1042, 0 = r + z - 208. Suppose r = -33*d + 34*d. What is the units digit of d?
0
Suppose 416*r - 338580 = 378*r. What is the tens digit of r?
1
Let y(b) = -9110*b - 320. What is the tens digit of y(-3)?
1
Let j = 162 - -384. Let i = j + -526. What is the tens digit of i?
2
Suppose -370 = -m + 3*n, 0 = 2*m + 3*m + 2*n - 1867. Suppose -q = -3*l + 456, m = 3*l - 5*q - 83. What is the hundreds digit of l?
1
Let y(u) = 6*u**3 - 11*u**2 - 7*u + 81. Let v(a) = -13*a**3 + 21*a**2 + 14*a - 163. Let t(q) = -3*v(q) - 5*y(q). What is the hundreds digit of t(5)?
9
Let k(m) = 262*m**2 - 21*m - 11. Let o be k(-8). Suppose -21*j + o = 4*j. What is the tens digit of j?
7
Let v(z) = -264*z + 4301. What is the hundreds digit of v(-66)?
7
Let b = 148 - 815. Let n = b - -990. Suppose 0 = 4*w - n + 83. What is the tens digit of w?
6
Suppose n - 3 = -0*n. Let t(k) = k**2 + 16*k + 47. Let p be t(-14). What is the units digit of ((-102)/4)/n*(5 - p)?
9
Let b(n) = -n**2 + 18*n + 96. Let f be b(23). Let u(w) = 2*w**2 + 23*w + 83. What is the hundreds digit of u(f)?
3
Let g = 6 + -18. Let s(w) be the third derivative of -w**6/120 - w**5/5 - 3*w**4/8 + 7*w**3/3 - 37*w**2. What is the hundreds digit of s(g)?
1
Let m(f) = -f**3 + 44*f**2 - 96*f + 762. What is the units digit of m(40)?
2
Let o(j) = -j**3 + 20*j**2 - 26*j + 69. Let i = 147 + -129. What is the units digit of o(i)?
9
Let z = 742 - -1645. What is the hundreds digit of z?
3
Let u(t) = 14*t**2 + 418*t - 31. What is the hundreds digit of u(-40)?
6
What is the tens digit of 222*-152*(-13)/78?
2
Suppose 26912 - 8591 = 3*y. Suppose -9*o + y = -1426. What is the units digit of o?
7
Let v be 0 + (2 - 4) - 12/(-2). Let l(y) = y**2 + 8*y - 46. Let x be l(-12). Suppose -4*z + 491 = g - 401, -x*z = v*g - 460. What is the units digit of z?
2
Let i be 5/(35/14) - 865. Let q = -432 - i. What is the units digit of q?
1
Suppose -x + 0*k = -4*k + 6, 4*x + 3*k = 52. Suppose -9*h = -x*h + 3. What is the tens digit of ((-16)/20*h)/((-4)/50)?
3
Let r = 1753 + 8077. What is the thousands digit of r?
9
Suppose s + 0*g - g = 0, s - 6 = -2*g. Let k be (2/(-6))/(s/15)*-2. Suppose 5*j - 755 = -k*c, 0 = -4*c + 7*c - 12. What is the units digit of j?
7
Suppose 10 = -8*u + 42. Suppose -5*j - 3*q - q = -109, 4 = u*q. What is the tens digit of j/(-14) + (-1335)/(-6)?
2
Let g be 2/7 + (-13506)/(-84)*6. Suppose -5*r + 895 + g = -t, 2*r = -t + 744. What is the hundreds digit of r?
3
Suppose 0 = -q - h + 7, -2*h - 3*h = -20. Suppose 0 = 2*i + q*d + 80, i + 0*d - d = -40. Let c = i - -73. What is the units digit of c?
3
Suppose 5*v = -3*n - 79 + 428, -3*v + n = -201. What is the units digit of (-7 - 126/(-24))/((-1)/v)?
9
Suppose -2*d + 113982 = -205*v + 206*v, 0 = 4*d + 3*v - 227966. What is the thousands digit of d?
6
Suppose 0 = -3*l - 7 - 5, 4*i - 24 = 2*l. Let a = 52 - -618. Suppose -4*u - u = -3*v - 635, -a = -5*u - i*v. What is the hundreds digit of u?
1
Suppose 212*m + 2653 = 219*m. What is the hundreds digit of m?
3
Let w be (979/44)/(4/32). What is the tens digit of (-38 - -44) + w*3?
4
Suppose -20 = -5*x, -4*j + x + 8068 = 4*x. What is the tens digit of j?
1
Let l = -9 + 31. Suppose 0 = 5*p - 3*y - l - 12, 9 = 3*p + 2*y. What is the tens digit of (-3261)/(-12) + 1*p/20?
7
Suppose 0 = -2*q - 471*h + 466*h + 36080, 4*q - 72186 = 3*h. What is the units digit of q?
5
Suppose -15800 = -780*h + 772*h. What is the thousands digit of h?
1
Suppose -2*t - y = -212, -5*t = -0*t + y - 530. Let u = 121 - 119. What is the units digit of -4 + 1/(u/t)?
9
Let r = -6919 - -6937. What is the units digit of r?
8
Suppose -3000*f = -2989*f - 17567. What is the thousands digit of f?
1
Suppose 0 = 4*y - 3*s + 10, y + 4*s + 17 = 5. What is the units digit of y/3 + 1 + (-984)/(-9)?
9
Let a be 974 - 0 - (-5 + (-55)/(-11)). Let k = -696 + a. What is the tens digit of k?
7
Let f(m) = 25*m**3 - 2*m**2 + m + 6. Let s be -4*1/6*(-2 - 22). Suppose -6 = -z + 2*k, -3*k = 5*z - 6*k - s. What is the hundreds digit of f(z)?
2
Let l = 70 + -64. What is the tens digit of l*7/(21/219)?
3
Let r be 0 - (-7)/((-35)/(-20)). Suppose r*k - 5*k = -2. Suppose k*j = -2*j + 728. What is the units digit of j?
2
Suppose 5*p + r - 48548 = 0, 2*p + 19418 = 4*p + r. What is the hundreds digit of p?
7
Let m(t) = -2*t**2 - 4*t - 12. Let x be m(-5). Let g be (-28)/(-42)*x/(-4). Suppose 0 = g*i - i - 774. What is the units digit of i?
9
Suppose 0 = -2*m - 5681 + 1233. Let c be m/40 + (-2)/5. Let o = 127 + c. What is the units digit of o?
1
Suppose 3*n = p + 135 + 217, -3*n = -3*p - 360. Suppose -23*f - 6*f = -n. What is the units digit of f?
4
Let o(b) = 3*b**2 - 4*b. Let g be o(3). Let t be 10/(g/(-3)) + 27. Let k = t + 0. What is the units digit of k?
5
Let g = -10 + 358. What is the tens digit of 5/(30/(-24)) + g?
4
Let z(i) = -2*i**3 + 74*i**2 - 183*i + 558. What is the hundreds